) = -165*u**2 - 40*u + 36. Let z(s) = -13*b(s) + 3*l(s). What is z(8)?
7
Suppose -28*l + 17*l = -5720. Let t = -526 + l. Let v(q) = q**3 + 8*q**2 + 10*q + 6. Give v(t).
18
Let a be ((-60)/9)/(-4)*6 - 4. Let h be (147/28)/1*16/a. Let q(x) = -5*x - 3 + h*x - 2*x + x**2 - 9*x. Give q(-2).
5
Let i(r) be the third derivative of r**5/30 + 13*r**4/24 + 4*r**3 - 2109*r**2. Calculate i(-6).
18
Let p(x) be the second derivative of x**3/2 - 59*x**2/2 + 4818*x. Determine p(23).
10
Let f(v) be the second derivative of -5*v**3/6 - 127*v**2/2 - 6058*v. Calculate f(-24).
-7
Suppose -24*a - 85 = 11. Let h(w) = w**2 + 5*w + 10. Calculate h(a).
6
Let j(y) be the first derivative of 5*y**2/2 - 84*y + 6151. Determine j(12).
-24
Let l(f) = 2*f + 5. Let i = -236 - -241. Calculate l(i).
15
Let h(d) = 0*d**2 + 2 + 2*d - d**2 - d. Let r = 49846 + -49844. Give h(r).
0
Let s(n) be the first derivative of n**4/4 - 2*n**3 + 3*n**2 + 285. Let i = -6 + 0. Let p be 117/27 - 4/i. Calculate s(p).
5
Let z(s) = -s - 12. Suppose -n = 5*j + 5, 2*n + 4*j = -1 - 9. Let w be 47/n - (-1)/(5/2). Give z(w).
-3
Let s = -237 + 239. Let l(n) = -n - 8*n**2 + 6072 - 6072 + n**s. What is l(1)?
-8
Suppose 0*c + c = 0. Suppose c = 3*t + 6 + 6. Let y(x) = 4032 + x**3 - 4038 + 3*x**2 - 2*x - 2*x. What is y(t)?
-6
Let q(i) be the second derivative of i**6/360 - i**5/60 - i**4/24 + 7*i**3 - 83*i. Let g(l) be the second derivative of q(l). Determine g(-1).
2
Let h(n) = 5*n**2 + 15482*n + 2*n**3 - 8 + 2*n**3 - 5*n**3 - 15475*n. Let r = 18 + -12. Determine h(r).
-2
Let q(b) be the first derivative of b**2/2 + 2*b + 1. Let t = -332 - -332. Suppose 11*z - 31 + 130 = t. Give q(z).
-7
Let w be 808/6*(-177)/118. Let d = -195 - w. Let a(y) = -y**3 + 6*y**2 + 7*y - 8. Give a(d).
-8
Let v(h) = -10*h + 102. Suppose 27*b - 94 = 203. What is v(b)?
-8
Let k(v) be the third derivative of v**4/24 - v**3/6 - v**2. Suppose 0 = -0*z + 4*z - 6*z. Determine k(z).
-1
Let q = 132487 - 132492. Let v(x) = -3 - 6*x - x - 2*x**2 - 1. What is v(q)?
-19
Suppose 5*n = 3*w, 6*w = -40*n + 44*n + 18. Let b(i) be the second derivative of 0 - 1/20*i**w + 1/2*i**4 - 3/2*i**2 + 3*i + 4/3*i**3. Calculate b(7).
4
Let j(k) = -29*k**2 - 4*k + 25. Let q(i) = -5*i**2 + i. Let d(w) = j(w) - 6*q(w). Calculate d(4).
1
Let y(w) = 733*w**2 - 735*w**2 - 19*w + 12*w + 13. What is y(-5)?
-2
Let q(k) = -k**3 + 6*k**2 - 6*k + 10. Suppose -16*w + 17*w = 2*p - 12, -p + 2*w + 6 = 0. Let d be p - (-4)/(-20)*5. What is q(d)?
5
Let m(r) = -r**3 - 9*r**2 - 7*r - 44. Let b be m(-9). Suppose -4*o - b = -15. Let i(q) = -10*q**3 - q**2 + 1. Calculate i(o).
10
Let g be (-8 + 7)/(3/(-39)). Suppose 42 = 19*l - g*l. Let a(j) = 10*j + 4. Let x(d) = 9*d + 5. Let v(n) = l*x(n) - 6*a(n). Determine v(-8).
-13
Let p be (-19)/(-57) - (-5)/3. Let q(a) = 4 - 2*a**2 - 8 + a**2 - p*a - 4*a + 0*a. Calculate q(-5).
1
Let o(w) = -23*w**2 + 29 + 8*w + 0*w + 0*w**2 + 38*w**2 - 9*w**2. Determine o(-6).
197
Let t(a) = -94*a. Let o be t(-1). Let s = o + -88. Let l(b) be the third derivative of b**4/24 - b**3/3 + 7*b**2. Give l(s).
4
Suppose -3*h + 4*v - 1 + 5 = 0, -3*h - 2*v = 20. Let n = -40 + 42. Let p(z) = 208 - z**n + 4*z + 0*z**3 + 5*z**2 + z**3 - 203. Give p(h).
-11
Let u = -1564 - -1574. Let w(t) be the first derivative of 7/2*t**2 + u*t - 21 + 1/3*t**3. Calculate w(-7).
10
Let n(g) be the second derivative of -g**5/60 - 5*g**4/8 + 7*g**3/6 - 36*g**2 + 4*g - 7. Let d(h) be the first derivative of n(h). Give d(-15).
7
Let f(a) = 6*a - 163. Let c(h) = h**3 - 3*h**2 - 505*h + 5. Let s be c(-21). Give f(s).
-7
Let k(o) = o + 4. Suppose 282 = -8*c + 26. Let l(z) = z**2 - 8. Let r be l(-6). Let a = c + r. Calculate k(a).
0
Let m(a) = 26 - 166*a - 13 - 18 + 162*a. Determine m(1).
-9
Suppose -28 = -4*t - 5*p + 8, p - 4 = -4*t. Let y(h) = h**3 + h**2 - 2*h - 3. Give y(t).
-1
Let j(z) = 1 - 6*z**2 - z + 2*z**2 + 3*z. Let g(c) = 2*c**2 - 8*c + 6. Let t be g(4). Suppose -29 + 23 = t*p. Give j(p).
-5
Let v(z) = 1. Let p(y) = 6*y + 3. Let x(q) = 6*q + 1. Let l(k) = -4*p(k) + 5*x(k). Let r(w) = -l(w) - 4*v(w). Suppose 4*n - 8 = -0*n. What is r(n)?
-9
Let a(n) be the first derivative of n**4/4 - 2*n + 382. What is a(2)?
6
Let a(m) be the second derivative of 1/3*m**4 + m**2 + 1/20*m**5 + 0 + 2/3*m**3 + 4*m. Suppose -37*r - 153 + 42 = 0. Calculate a(r).
-1
Let i(p) be the second derivative of 19*p**5/20 - p**4/12 + p**3/3 + p**2 + 135*p - 9. Calculate i(-1).
-20
Let t(h) = h**3 - 15*h - 3. Let w = 3815 + -3811. Give t(w).
1
Let u(a) be the third derivative of a**5/120 - 5*a**4/12 + 3*a**3 + 95*a**2. Let i(t) be the first derivative of u(t). Calculate i(6).
-4
Let g be 2*(-2 - -3) + 0. Let a(y) = 5*y**2 + 2*y**2 + g*y + y**3 - 2 - y**2 - 2*y**2. Suppose 5*h = -2*l - 31, 0 = 4*l + 4*h + h + 37. Calculate a(l).
1
Let j(k) = 28*k + 29*k - k**2 - 52*k - 1. Suppose 4*n - 8 = -2*y, 3*y - n - 25 = -6. Give j(y).
-7
Let m(w) = -w - 3. Let y be m(-5). Let c be 7/(-35) - (-78)/15. Suppose -2*a + 3*o + 10 = -2*o, y*o + 25 = c*a. Let s(t) = t - 4. Calculate s(a).
1
Let c(p) = -6*p**3 + 6*p**2 + 6*p + 9. Let w(t) = 2*t + 8*t**3 - 9 - 12*t**2 - 3*t**3 - 8*t + 6*t**2. Let a(x) = -4*c(x) - 5*w(x). Give a(7).
2
Let x(g) = -g**2 + 23*g - 43. Let q(c) = 54*c - 411. Let y be q(8). Calculate x(y).
-1
Let z(q) = 4*q**3 + 8*q**2. Let y(r) = -5*r**2 - 136*r - 28. Let n be y(-27). Give z(n).
4
Let q = 134 + -129. Let y = -1 - q. Let s(i) = -i - 1. Determine s(y).
5
Let c(z) = 9*z**2 + 3*z. Suppose -5*v + 26 = 2*n, -25*v + 24*v = 2*n - 10. Let q be 2/v - 130/52. Determine c(q).
30
Let f(v) = -3*v**3 + 8*v**2 - 3. Let h(b) = -5*b**3 + 13*b**2 - 5. Let i(d) = 8*f(d) - 5*h(d). Let o be 1/(-2) - 20/(-8). Let y = o - 2. Determine i(y).
1
Let c(h) be the first derivative of -h**3/3 + 7*h**2/2 - 3*h - 1. Let v be 14*(6/(-70))/(-23 - (-19915)/875). Calculate c(v).
7
Let a = 230 + -715. Let l = a + 485. Let g(r) = r**3 + r**2 + 25. What is g(l)?
25
Let d = -50 + 55. Let l(r) = 2 + r**2 - r + 5 + d*r + 6*r. Give l(-6).
-17
Let r(q) = 5*q**3 - 40*q - 9. Let m be r(0). Let f(a) = 10*a + 15. Give f(m).
-75
Suppose -4*n = -5*d - 4, -2*n + 5*d + 10 = 3*n. Let r(f) be the third derivative of 0*f + 0 - 18*f**2 - 1/60*f**5 - 1/3*f**3 + 7/24*f**4. What is r(n)?
4
Let r be 576/306 - (-8)/68. Let s(c) = 26*c**3 + c**2 - 2*c + 1. Let l be s(2). Let w(z) = -209 + l + 2*z**2. Determine w(r).
8
Let r(p) = -p**3 - 4*p**2 + p - 2. Let k(m) = -m**2 - 63*m - 986. Let g be k(-29). Calculate r(g).
-2
Suppose -73*z = -69*z + s, -12 = 2*z - s. Let u(l) = -26*l - 43. Calculate u(z).
9
Let r(x) = -28. Let w(u) = 3*u + 157. Let a(b) = 6*r(b) + w(b). What is a(-8)?
-35
Suppose -5*c = -5*o + 65977 + 52423, 0 = 4*o + 3*c - 94685. Let m(p) = o + p + 7*p**3 - p**2 - 23675. Determine m(1).
7
Let w(h) be the third derivative of -h**5/60 - h**4/8 + h**3/3 + 158*h**2. Suppose -5*y + 19 - 14 = 0. Give w(y).
-2
Suppose 990*n - 987*n + 123 = 0. Let k(o) = -o - 48. Determine k(n).
-7
Let n(f) = 9*f**2 - f - 1. Let y be 2/(9 - 8 - 3). Determine n(y).
9
Let u(z) = z**3 + 7*z**2 - 12*z + 7. Let l(k) = k**3 + 7*k**2 - 45*k - 315. Let v be l(-6). What is u(v)?
-47
Let o(b) be the first derivative of -b**2/2 - 6*b + 805. Suppose j = 3*j - 32. Let p be -4*14/j*2. Calculate o(p).
1
Let t(n) = 3*n**3 - 155*n**2 - 214*n + 98. Let p be t(53). Let k(x) = -2*x**2 - 7*x + 26. Give k(p).
-46
Let s(g) = 6*g**2 + 2*g - 17. Let k(h) = -5*h**2 - 2*h + 17. Let f(o) = 4*k(o) + 3*s(o). Let l(t) be the first derivative of f(t). Calculate l(-3).
10
Let h(m) be the third derivative of m**4/24 - 2*m**3 - 18*m**2. Let c be h(17). Let j(b) = -2 + 6 - 5 + b + c. What is j(-6)?
-2
Let l(z) = 46*z + 0*z + 0 + 3. Let u(d) = -d**2 + 11*d - 3. Let i be u(11). Let a(q) = 23*q + 2. Let g(c) = i*l(c) + 5*a(c). Give g(-1).
24
Suppose 0 = 58*c - 56*c - 4. Let v(s) = 23*s**3 + 4 + 2*s**2 - 10*s**3 - c - 11*s**3. What is v(-2)?
-6
Suppose 325*b = 335*b - 60. Let o(d) = -d**3 + 5*d**2 + 8*d + 7. Give o(b).
19
Suppose 0 = -3*j + 72 + 3. Suppose -3*c = j - 43. Suppose 4*h = -c + 2. Let z(s) = -18*s**2. Determine z(h).
-18
Let c(j) = -j**2 + 3*j - 2. Suppose -40*x + 24*x - 128 = 0. Let w = x + 11. Calculate c(w).
-2
Let l(g) = 13*g**2 - 30*g - 52. Let i(r) = -6*r**2 + 16*r + 28. Let h(o) = -9*i(o) - 4*l(o). D